ainder when 249 is divided by 59?
13
Calculate the remainder when 11701 is divided by 266.
263
Calculate the remainder when 188 is divided by 24.
20
What is the remainder when 2073 is divided by 34?
33
Calculate the remainder when 2412 is divided by 20.
12
Calculate the remainder when 76 is divided by 33.
10
What is the remainder when 231 is divided by 47?
43
Calculate the remainder when 718 is divided by 48.
46
What is the remainder when 797 is divided by 32?
29
What is the remainder when 6 is divided by 4?
2
Calculate the remainder when 524 is divided by 2.
0
What is the remainder when 910 is divided by 449?
12
What is the remainder when 102 is divided by 5?
2
What is the remainder when 79 is divided by 64?
15
Calculate the remainder when 1304 is divided by 632.
40
Calculate the remainder when 190 is divided by 64.
62
Calculate the remainder when 6119 is divided by 90.
89
Calculate the remainder when 2408 is divided by 15.
8
Calculate the remainder when 109 is divided by 33.
10
What is the remainder when 88 is divided by 43?
2
Calculate the remainder when 2195 is divided by 730.
5
Calculate the remainder when 197 is divided by 64.
5
What is the remainder when 57 is divided by 3?
0
What is the remainder when 584 is divided by 42?
38
Calculate the remainder when 524 is divided by 141.
101
Calculate the remainder when 2153 is divided by 46.
37
Calculate the remainder when 46005 is divided by 54.
51
What is the remainder when 53 is divided by 28?
25
Calculate the remainder when 201 is divided by 16.
9
What is the remainder when 466 is divided by 139?
49
What is the remainder when 10109 is divided by 64?
61
Calculate the remainder when 89 is divided by 24.
17
What is the remainder when 1503 is divided by 23?
8
Calculate the remainder when 474 is divided by 115.
14
Calculate the remainder when 700 is divided by 19.
16
What is the remainder when 2266 is divided by 63?
61
What is the remainder when 8630 is divided by 127?
121
Calculate the remainder when 171 is divided by 43.
42
What is the remainder when 11085 is divided by 88?
85
What is the remainder when 629 is divided by 35?
34
Calculate the remainder when 762 is divided by 25.
12
What is the remainder when 106 is divided by 22?
18
What is the remainder when 24 is divided by 13?
11
Calculate the remainder when 873 is divided by 291.
0
Calculate the remainder when 6115 is divided by 15.
10
Calculate the remainder when 52 is divided by 17.
1
What is the remainder when 1473 is divided by 82?
79
What is the remainder when 443 is divided by 111?
110
Calculate the remainder when 386 is divided by 43.
42
Calculate the remainder when 59 is divided by 16.
11
Calculate the remainder when 106 is divided by 6.
4
Calculate the remainder when 486 is divided by 88.
46
What is the remainder when 59 is divided by 31?
28
Calculate the remainder when 2191 is divided by 8.
7
What is the remainder when 295 is divided by 60?
55
What is the remainder when 87 is divided by 18?
15
What is the remainder when 623 is divided by 20?
3
Calculate the remainder when 315 is divided by 120.
75
What is the remainder when 2925 is divided by 18?
9
What is the remainder when 593 is divided by 11?
10
What is the remainder when 1380 is divided by 6?
0
What is the remainder when 1381 is divided by 1368?
13
Calculate the remainder when 443 is divided by 74.
73
What is the remainder when 154 is divided by 25?
4
What is the remainder when 57 is divided by 24?
9
Calculate the remainder when 535 is divided by 67.
66
What is the remainder when 379 is divided by 107?
58
Calculate the remainder when 22415 is divided by 6.
5
Calculate the remainder when 914 is divided by 61.
60
What is the remainder when 219 is divided by 15?
9
Calculate the remainder when 23 is divided by 17.
6
What is the remainder when 879 is divided by 14?
11
Calculate the remainder when 123 is divided by 18.
15
What is the remainder when 330 is divided by 34?
24
Calculate the remainder when 145 is divided by 32.
17
What is the remainder when 1418 is divided by 29?
26
Calculate the remainder when 1343 is divided by 122.
1
What is the remainder when 6 is divided by 5?
1
What is the remainder when 1003 is divided by 18?
13
Calculate the remainder when 215 is divided by 80.
55
Calculate the remainder when 472 is divided by 68.
64
What is the remainder when 224 is divided by 71?
11
Calculate the remainder when 256 is divided by 223.
33
What is the remainder when 1219 is divided by 18?
13
Calculate the remainder when 155 is divided by 43.
26
What is the remainder when 293 is divided by 75?
68
Calculate the remainder when 358 is divided by 45.
43
What is the remainder when 139 is divided by 29?
23
Calculate the remainder when 166 is divided by 14.
12
Calculate the remainder when 107 is divided by 45.
17
Calculate the remainder when 105 is divided by 18.
15
Calculate the remainder when 63 is divided by 33.
30
Calculate the remainder when 173 is divided by 36.
29
What is the remainder when 880 is divided by 18?
16
Calculate the remainder when 42 is divided by 19.
4
Calculate the remainder when 456 is divided by 115.
111
What is the remainder when 698 is divided by 6?
2
Calculate the remainder when 534 is divided by 308.
226
What is the remainder when 752 is divided by 42?
38
What is the remainder when 729 is divided by 120?
9
Calculate the remainder when 9 is divided by 4.
1
What is the remainder when 4490 is divided by 44?
2
Calculate the remainder when 706 is divided by 89.
83
What is the remainder when 129 is divided by 66?
63
Calculate the remainder when 586 is divided by 19.
16
Calculate the remainder when 20 is divided by 10.
0
What is the remainder when 181 is divided by 134?
47
Calculate the remainder when 174 is divided by 8.
6
What is the remainder when 2630 is divided by 17?
12
What is the remainder when 479 is divided by 174?
131
What is the remainder when 71 is divided by 47?
24
Calculate the remainder when 714 is divided by 60.
54
What is the remainder when 248 is divided by 83?
82
Calculate the remainder when 907 is divided by 12.
7
Calculate the remainder when 1396 is divided by 35.
31
What is the remainder when 1195 is divided by 12?
7
What is the remainder when 51 is divided by 8?
3
What is the remainder when 176 is divided by 97?
79
What is the remainder when 915 is divided by 828?
87
What is the remainder when 33 is divided by 12?
9
What is the remainder when 471 is divided by 25?
21
What is the remainder when 54 is divided by 43?
11
Calculate the remainder when 919 is divided by 13.
9
Calculate the remainder when 257 is divided by 134.
123
What is the remainder when 219 is divided by 13?
11
What is the remainder when 3147 is divided by 126?
123
Calculate the remainder when 201 is divided by 51.
48
What is the remainder when 375 is divided by 99?
78
What is the remainder when 1015 is divided by 34?
29
Calculate the remainder when 3576 is divided by 4.
0
What is the remainder when 78 is divided by 38?
2
What is the remainder when 531 is divided by 7?
6
What is the remainder when 1812 is divided by 20?
12
What is the remainder when 55 is divided by 10?
5
Calculate the remainder when 59 is divided by 15.
14
Calculate the remainder when 936 is divided by 266.
138
Calculate the remainder when 76 is divided by 28.
20
Calculate the remainder when 88 is divided by 11.
0
What is the remainder when 131 is divided by 44?
43
Calculate the remainder when 361 is divided by 183.
178
What is the remainder when 2115 is divided by 39?
9
Calculate the remainder when 1128 is divided by 21.
15
What is the remainder when 174 is divided by 52?
18
Calculate the remainder when 275 is divided by 95.
85
What is the remainder when 2199 is divided by 88?
87
What is the remainder when 700 is divided by 92?
56
Calculate the remainder when 124 is divided by 33.
25
What is the remainder when 781 is divided by 257?
10
What is the remainder when 263 is divided by 87?
2
What is the remainder when 367 is divided by 16?
15
What is the remainder when 374 is divided by 206?
168
What is the remainder when 104 is divided by 68?
36
Calculate the remainder when 298 is divided by 23.
22
Calculate the remainder when 13 is divided by 4.
1
Calculate the remainder when 941 is divided by 192.
173
What is 